{"id":11,"date":"2022-06-01T13:53:57","date_gmt":"2022-06-01T13:53:57","guid":{"rendered":"https:\/\/rechtsanwaltskammer-kassel.de\/?page_id=11"},"modified":"2025-11-25T13:08:27","modified_gmt":"2025-11-25T13:08:27","slug":"startseite","status":"publish","type":"page","link":"https:\/\/rechtsanwaltskammer-kassel.de\/","title":{"rendered":"Startseite"},"content":{"rendered":"\n<div style=\"height:37px\" aria-hidden=\"true\" class=\"wp-block-spacer\"><\/div>\n\n\n\n<p>Liebe Kolleginnen und Kollegen, liebe G\u00e4ste,<\/p>\n\n\n\n<p>herzlich willkommen auf der Homepage der Rechtsanwaltskammer Kassel.<\/p>\n\n\n\n<p>Die Rechtsanwaltskammer Kassel ist \u2013 wie alle anderen regionalen Rechtsanwaltskammern &#8211; eine K\u00f6rperschaft des \u00f6ffentlichen Rechts und zust\u00e4ndig f\u00fcr die Selbstverwaltung der Anwaltschaft. Die Rechtsanwaltskammer Kassel betreut alle Rechtsanw\u00e4ltinnen und Rechtsanw\u00e4lte, die ihren Kanzleisitz in den Landgerichtsbezirken Fulda, Marburg und Kassel haben. Alle dort ans\u00e4ssigen Rechtsanw\u00e4ltinnen und Rechtsanw\u00e4lte werden automatisch Mitglied unserer Kammer. Der Vorteil dieser Struktur liegt auf der Hand:<\/p>\n\n\n\n<p>Die sachliche Zust\u00e4ndigkeit der Rechtsanwaltskammer Kassel ergibt sich aus den gesetzlichen Regelungen, insbesondere der Bundesrechtsanwaltsordnung. Darunter fallen u.a. die Zulassung zur Anwaltschaft und Zuerkennung von Fachanwaltschaften sowie Pr\u00fcfungen von Geb\u00fchrenfragen und geldw\u00e4scherechtlichen Sorgfaltspflichten. Weiterhin sind Rechtsanwaltskammern als sachkundige Stellen dazu berufen, das Verhalten ihrer Mitglieder auf Konformit\u00e4t zu den berufsrechtlichen Standespflichten zu \u00fcberpr\u00fcfen und Fragen zum Berufsrecht zu beantworten. Nicht zuletzt spielen die Rechtsanwaltskammern eine wesentliche Rolle in Ausbildungsfragen, von der Ausbildung der Fachangestellten an bis zur Referendarausbildung.<\/p>\n\n\n\n<p>Demzufolge finden Sie auf dieser Seite n\u00fctzliche Informationen und Downloads zu den genannten Themen. Sollten Sie auf dieser Seite nicht f\u00fcndig werden, scheuen Sie sich nicht Kontakt zu uns aufzunehmen.<\/p>\n\n\n\n<div class=\"wp-block-columns is-layout-flex wp-container-core-columns-is-layout-9d6595d7 wp-block-columns-is-layout-flex\">\n<div class=\"wp-block-column is-layout-flow wp-block-column-is-layout-flow\">\n<p>Ihr<br>Marcus Baum<br>Pr\u00e4sident der Rechtsanwaltskammer Kassel<\/p>\n<\/div>\n\n\n\n<div class=\"wp-block-column is-layout-flow wp-block-column-is-layout-flow\"><div class=\"wp-block-image\">\n<figure class=\"alignright size-full\"><img fetchpriority=\"high\" decoding=\"async\" width=\"341\" height=\"551\" src=\"https:\/\/rechtsanwaltskammer-kassel.de\/wp-content\/uploads\/2025\/09\/image.jpeg\" alt=\"\" class=\"wp-image-1685\" srcset=\"https:\/\/rechtsanwaltskammer-kassel.de\/wp-content\/uploads\/2025\/09\/image.jpeg 341w, https:\/\/rechtsanwaltskammer-kassel.de\/wp-content\/uploads\/2025\/09\/image-186x300.jpeg 186w\" sizes=\"(max-width: 341px) 100vw, 341px\" \/><\/figure>\n<\/div><\/div>\n<\/div>\n\n\n\n<p><\/p>\n","protected":false},"excerpt":{"rendered":"<p>Liebe Kolleginnen und Kollegen, liebe G\u00e4ste, herzlich willkommen auf der Homepage der Rechtsanwaltskammer Kassel. Die Rechtsanwaltskammer Kassel ist \u2013 wie alle anderen regionalen Rechtsanwaltskammern &#8211; eine K\u00f6rperschaft des \u00f6ffentlichen Rechts und zust\u00e4ndig f\u00fcr die Selbstverwaltung der Anwaltschaft. Die Rechtsanwaltskammer Kassel betreut alle Rechtsanw\u00e4ltinnen und Rechtsanw\u00e4lte, die ihren Kanzleisitz in den Landgerichtsbezirken Fulda, Marburg und Kassel&hellip;&nbsp;<a href=\"https:\/\/rechtsanwaltskammer-kassel.de\/\" rel=\"bookmark\">Weiterlesen &raquo;<span class=\"screen-reader-text\">Startseite<\/span><\/a><\/p>\n","protected":false},"author":1,"featured_media":0,"parent":0,"menu_order":0,"comment_status":"closed","ping_status":"closed","template":"","meta":{"neve_meta_sidebar":"","neve_meta_container":"","neve_meta_enable_content_width":"","neve_meta_content_width":0,"neve_meta_title_alignment":"","neve_meta_author_avatar":"","neve_post_elements_order":"","neve_meta_disable_header":"","neve_meta_disable_footer":"","neve_meta_disable_title":"on","_themeisle_gutenberg_block_has_review":false,"footnotes":""},"class_list":["post-11","page","type-page","status-publish","hentry"],"_links":{"self":[{"href":"https:\/\/rechtsanwaltskammer-kassel.de\/index.php\/wp-json\/wp\/v2\/pages\/11","targetHints":{"allow":["GET"]}}],"collection":[{"href":"https:\/\/rechtsanwaltskammer-kassel.de\/index.php\/wp-json\/wp\/v2\/pages"}],"about":[{"href":"https:\/\/rechtsanwaltskammer-kassel.de\/index.php\/wp-json\/wp\/v2\/types\/page"}],"author":[{"embeddable":true,"href":"https:\/\/rechtsanwaltskammer-kassel.de\/index.php\/wp-json\/wp\/v2\/users\/1"}],"replies":[{"embeddable":true,"href":"https:\/\/rechtsanwaltskammer-kassel.de\/index.php\/wp-json\/wp\/v2\/comments?post=11"}],"version-history":[{"count":28,"href":"https:\/\/rechtsanwaltskammer-kassel.de\/index.php\/wp-json\/wp\/v2\/pages\/11\/revisions"}],"predecessor-version":[{"id":1745,"href":"https:\/\/rechtsanwaltskammer-kassel.de\/index.php\/wp-json\/wp\/v2\/pages\/11\/revisions\/1745"}],"wp:attachment":[{"href":"https:\/\/rechtsanwaltskammer-kassel.de\/index.php\/wp-json\/wp\/v2\/media?parent=11"}],"curies":[{"name":"wp","href":"https:\/\/api.w.org\/{rel}","templated":true}]}}