{"id":374,"date":"2024-03-20T13:31:13","date_gmt":"2024-03-20T13:31:13","guid":{"rendered":"https:\/\/rechtsanwaltskammer-kassel.de\/?page_id=374"},"modified":"2025-11-18T09:33:16","modified_gmt":"2025-11-18T09:33:16","slug":"ra-ausweis","status":"publish","type":"page","link":"https:\/\/rechtsanwaltskammer-kassel.de\/index.php\/ra-ausweis\/","title":{"rendered":"RA-Ausweis"},"content":{"rendered":"\n<h2 class=\"wp-block-heading\">RA-Ausweis<\/h2>\n\n\n\n<p>Die Rechtsanwaltskammern in Deutschland geben einen bundeseinheitlichen Rechtsanwaltsausweis im Scheckkartenformat heraus.<br>Auf der R\u00fcckseite weist der einheitliche Rechtsanwaltsausweis die CCBE-Daten auf, wodurch sich die Kolleginnen und Kollegen in ganz Europa als zugelassene bzw. zugelassener Rechtsanw\u00e4ltin\/Rechtsanwalt ausweisen k\u00f6nnen. Die G\u00fcltigkeit dieses Ausweises betr\u00e4gt f\u00fcnf Jahre.<br>Der Ausweis wird auf der Vorderseite folgende Informationen enthalten:<br><br><strong>Bezeichnung der Rechtsanwaltskammer mit Logo (s. o.)<br>Passbild des Kammermitgliedes, Hologramm, Name, Vorname, Titel, Geburtsdatum, Berufsbezeichnung, g\u00fcltig bis, Mitgliedsnummer, User-ID-Nr.<\/strong><br><br>F\u00fcr die Ausstellung eines Ausweises wird eine Geb\u00fchr in H\u00f6he von 30,00 \u20ac erhoben.<\/p>\n\n\n\n<div class=\"wp-block-columns is-layout-flex wp-container-core-columns-is-layout-9d6595d7 wp-block-columns-is-layout-flex\">\n<div class=\"wp-block-column has-border-color has-custom-2-background-color has-background is-layout-flow wp-block-column-is-layout-flow\" style=\"border-color:#072a8254;border-width:2px;padding-top:0;padding-right:0;padding-bottom:0;padding-left:0;flex-basis:100%\">\n<div class=\"wp-block-columns is-layout-flex wp-container-core-columns-is-layout-9d6595d7 wp-block-columns-is-layout-flex\">\n<div class=\"wp-block-column is-layout-flow wp-block-column-is-layout-flow\">\n<div style=\"height:30px\" aria-hidden=\"true\" class=\"wp-block-spacer\"><\/div>\n\n\n\n<p class=\"has-text-align-left\" style=\"padding-top:0;padding-right:var(--wp--preset--spacing--70);padding-bottom:0;padding-left:var(--wp--preset--spacing--70)\">Beantragen Sie bitte den bundeseinheitlichen\/europ\u00e4ischen       Rechtsanwaltsausweis mit dem beigef\u00fcgten Antragsformular&nbsp;und f\u00fcgen Sie ein aktuelles Passbild (farbig; Gr\u00f6\u00dfe 4 x 5 cm) bei.<\/p>\n<\/div>\n\n\n\n<div class=\"wp-block-column is-vertically-aligned-center is-layout-flow wp-block-column-is-layout-flow\">\n<div style=\"height:30px\" aria-hidden=\"true\" class=\"wp-block-spacer\"><\/div>\n\n\n<div class=\"wp-block-image\">\n<figure class=\"aligncenter size-full is-resized\"><a href=\"http:\/\/rechtsanwaltskammer-kassel.de\/dokumente\/Formulare\/DOC\/2025\/Merkblatt%20und%20Antrag%20EU-Ausweis.docx\" target=\"_blank\" rel=\" noreferrer noopener\"><img fetchpriority=\"high\" decoding=\"async\" width=\"300\" height=\"289\" src=\"https:\/\/rechtsanwaltskammer-kassel.de\/wp-content\/uploads\/2024\/09\/Microsoft-Word-300.png\" alt=\"\" class=\"wp-image-956\" style=\"width:40px\"\/><\/a><\/figure>\n<\/div>\n\n\n<p class=\"has-text-align-center ticss-23491b0a\">Antragsformular<\/p>\n<\/div>\n<\/div>\n<\/div>\n<\/div>\n\n\n\n<p>Der fertiggestellte Ausweis wird Ihnen dann, nach Vorlage einer Fotokopie des Personalausweises (<strong>diese sollte am besten bereits mit der Antragstellung eingereicht werden<\/strong>) zugesandt.<br><br>Da wir die Anwaltsausweise au\u00dfer Haus produzieren lassen und die Kosten so gering wie m\u00f6glich halten wollen, sind wir gezwungen, eingehende Antr\u00e4ge einige Zeit zu sammeln. Daher kann es unter Umst\u00e4nden ca. 6 \u2013 8 Wochen dauern, bis wir Ihnen Ihren Anwaltsausweis \u00fcbersenden k\u00f6nnen. Bitte haben Sie in einem solchen Fall etwas Geduld.<\/p>\n\n\n\n<p><strong>Wir bitten um folgende Beachtung!<\/strong><\/p>\n\n\n\n<p><strong>Sollten Sie bereits einen Rechtsanwaltsausweis der Rechtsanwaltskammer Kassel besitzen, so ist es nicht notwendig vor Ablauf der G\u00fcltigkeit einen neuen Ausweis zu beantragen. Sie werden von uns automatisch Ende August des laufenden Jahres angeschrieben, ob Sie einen neuen Ausweis w\u00fcnschen. Das entsprechende Antragsformular wird Ihnen ebenfalls mit dem Anschreiben zugesandt.<\/strong><\/p>\n\n\n\n<p><\/p>\n","protected":false},"excerpt":{"rendered":"<p>RA-Ausweis Die Rechtsanwaltskammern in Deutschland geben einen bundeseinheitlichen Rechtsanwaltsausweis im Scheckkartenformat heraus.Auf der R\u00fcckseite weist der einheitliche Rechtsanwaltsausweis die CCBE-Daten auf, wodurch sich die Kolleginnen und Kollegen in ganz Europa als zugelassene bzw. zugelassener Rechtsanw\u00e4ltin\/Rechtsanwalt ausweisen k\u00f6nnen. Die G\u00fcltigkeit dieses Ausweises betr\u00e4gt f\u00fcnf Jahre.Der Ausweis wird auf der Vorderseite folgende Informationen enthalten: Bezeichnung der Rechtsanwaltskammer&hellip;&nbsp;<a href=\"https:\/\/rechtsanwaltskammer-kassel.de\/index.php\/ra-ausweis\/\" rel=\"bookmark\">Weiterlesen &raquo;<span class=\"screen-reader-text\">RA-Ausweis<\/span><\/a><\/p>\n","protected":false},"author":1,"featured_media":0,"parent":0,"menu_order":0,"comment_status":"closed","ping_status":"closed","template":"","meta":{"neve_meta_sidebar":"","neve_meta_container":"","neve_meta_enable_content_width":"","neve_meta_content_width":0,"neve_meta_title_alignment":"","neve_meta_author_avatar":"","neve_post_elements_order":"","neve_meta_disable_header":"","neve_meta_disable_footer":"","neve_meta_disable_title":"","_themeisle_gutenberg_block_has_review":false,"footnotes":""},"class_list":["post-374","page","type-page","status-publish","hentry"],"_links":{"self":[{"href":"https:\/\/rechtsanwaltskammer-kassel.de\/index.php\/wp-json\/wp\/v2\/pages\/374","targetHints":{"allow":["GET"]}}],"collection":[{"href":"https:\/\/rechtsanwaltskammer-kassel.de\/index.php\/wp-json\/wp\/v2\/pages"}],"about":[{"href":"https:\/\/rechtsanwaltskammer-kassel.de\/index.php\/wp-json\/wp\/v2\/types\/page"}],"author":[{"embeddable":true,"href":"https:\/\/rechtsanwaltskammer-kassel.de\/index.php\/wp-json\/wp\/v2\/users\/1"}],"replies":[{"embeddable":true,"href":"https:\/\/rechtsanwaltskammer-kassel.de\/index.php\/wp-json\/wp\/v2\/comments?post=374"}],"version-history":[{"count":33,"href":"https:\/\/rechtsanwaltskammer-kassel.de\/index.php\/wp-json\/wp\/v2\/pages\/374\/revisions"}],"predecessor-version":[{"id":1695,"href":"https:\/\/rechtsanwaltskammer-kassel.de\/index.php\/wp-json\/wp\/v2\/pages\/374\/revisions\/1695"}],"wp:attachment":[{"href":"https:\/\/rechtsanwaltskammer-kassel.de\/index.php\/wp-json\/wp\/v2\/media?parent=374"}],"curies":[{"name":"wp","href":"https:\/\/api.w.org\/{rel}","templated":true}]}}