{"id":376,"date":"2024-03-20T13:32:49","date_gmt":"2024-03-20T13:32:49","guid":{"rendered":"https:\/\/rechtsanwaltskammer-kassel.de\/?page_id=376"},"modified":"2025-03-17T11:49:44","modified_gmt":"2025-03-17T11:49:44","slug":"vollmachtsdatenbank","status":"publish","type":"page","link":"https:\/\/rechtsanwaltskammer-kassel.de\/index.php\/vollmachtsdatenbank\/","title":{"rendered":"Vollmachtsdatenbank"},"content":{"rendered":"\n<h2 class=\"wp-block-heading\">Vollmachtsdatenbank<\/h2>\n\n\n\n<p>Die Rechtsanwaltskammer Kassel erm\u00f6glicht ihren Mitgliedern die Nutzung der Vollmachtsdatenbank. Teilnehmende Rechtsanw\u00e4lte, Steuerberater, Wirtschaftspr\u00fcfer und vereidigte Buchpr\u00fcfer k\u00f6nnen mit der Vollmachtsdatenbank die Vollmachten ihrer Mandanten elektronisch verwalten und vereinfacht an die Finanzverwaltung \u00fcbermitteln. Damit sind sie als steuerlicher Berater in der Lage, die Daten zur Vorausgef\u00fcllten Steuererkl\u00e4rung bei der Finanzverwaltung \u00fcber ihre eingesetzte Einkommensteuersoftware abzurufen.<\/p>\n\n\n\n<div class=\"wp-block-columns has-border-color has-custom-2-background-color has-background is-layout-flex wp-container-core-columns-is-layout-9d6595d7 wp-block-columns-is-layout-flex\" style=\"border-color:#072a8254;border-width:2px\">\n<div class=\"wp-block-column is-vertically-aligned-center is-layout-flow wp-block-column-is-layout-flow\" style=\"flex-basis:75%\">\n<p>Um die Vollmachtsdatenbank nutzen zu k\u00f6nnen, m\u00fcssen Sie sich zun\u00e4chst registrieren. Sofern Sie DATEV-Mitglied sind, k\u00f6nnen Sie eine ggf. bereits vorhandene DATEV-SmartCard f\u00fcr Berufstr\u00e4ger (alternativ der DATEV mIDentity Stick f\u00fcr Berufstr\u00e4ger) verwenden. Daf\u00fcr nutzen Sie untenstehende Antragsformulare. Die Identifizierung Ihrer DATEV SmartCard k\u00f6nnen Sie hier vornehmen.<\/p>\n<\/div>\n\n\n\n<div class=\"wp-block-column is-layout-flow wp-block-column-is-layout-flow\" style=\"flex-basis:25%\"><div class=\"wp-block-image\">\n<figure class=\"aligncenter size-full is-resized\"><a href=\"https:\/\/www.datev.de\/dnlexom\/client\/app\/index.html#\/document\/0908573\" target=\"_blank\" rel=\"noreferrer noopener\"><img fetchpriority=\"high\" decoding=\"async\" width=\"1024\" height=\"1024\" src=\"https:\/\/rechtsanwaltskammer-kassel.de\/wp-content\/uploads\/2024\/09\/datev.png\" alt=\"\" class=\"wp-image-885\" style=\"width:120px\" srcset=\"https:\/\/rechtsanwaltskammer-kassel.de\/wp-content\/uploads\/2024\/09\/datev.png 1024w, https:\/\/rechtsanwaltskammer-kassel.de\/wp-content\/uploads\/2024\/09\/datev-300x300.png 300w, https:\/\/rechtsanwaltskammer-kassel.de\/wp-content\/uploads\/2024\/09\/datev-150x150.png 150w, https:\/\/rechtsanwaltskammer-kassel.de\/wp-content\/uploads\/2024\/09\/datev-768x768.png 768w\" sizes=\"(max-width: 1024px) 100vw, 1024px\" \/><\/a><figcaption class=\"wp-element-caption\">SmartCard Identifizierung<\/figcaption><\/figure>\n<\/div><\/div>\n<\/div>\n\n\n\n<p>Andernfalls ben\u00f6tigen Sie unsere VDB-Zugangskarte mit SmartCard-Funktion.<br><br>Weitere Informationen zur Registrierung und Nutzung der Vollmachtsdatenbank erhalten Sie <a href=\"https:\/\/www.datev.de\/web\/de\/m\/ueber-datev\/datev-im-web\/datev-von-a-z\/ein-baustein-der-vorausgefuellten-steuererklaerung\/?stat_Mparam=int_url_datev_vollmachtsdatenbank\" target=\"_blank\" rel=\"noreferrer noopener\">hier<\/a>.<br><br>Die Online-Registrierung der Vollmachtsdatenbank nehmen Sie <a href=\"http:\/\/www.secure.datev.de\/vdbr\/index.vdb%3Chttp:\/\/www.secure.datev.de\/vdbr\/index.vdb\" target=\"_blank\" rel=\"noreferrer noopener\">hier<\/a>&nbsp;vor.<br><br>Den Zugang zur Vollmachtsdatenbank finden Sie <a href=\"http:\/\/www.secure.datev.de\/vdb\/index.vdb%3Chttp:\/\/www.secure.datev.de\/vdb\/index.vdb\">hier<\/a>.<\/p>\n\n\n\n<p><strong>Zugangsmedium beantragen<\/strong><\/p>\n\n\n\n<div class=\"wp-block-columns has-border-color has-custom-2-background-color has-background is-layout-flex wp-container-core-columns-is-layout-d7c1896b wp-block-columns-is-layout-flex\" style=\"border-color:#072a8254;border-width:2px;padding-top:var(--wp--preset--spacing--40);padding-right:0;padding-bottom:0;padding-left:0\">\n<div class=\"wp-block-column is-layout-flow wp-block-column-is-layout-flow\">\n<div style=\"height:20px\" aria-hidden=\"true\" class=\"wp-block-spacer\"><\/div>\n\n\n<div class=\"wp-block-image\">\n<figure class=\"aligncenter size-full is-resized\"><a href=\"http:\/\/rechtsanwaltskammer-kassel.de\/dokumente\/Formulare\/DOC\/Bestellung VDB-Zugangskarte.docx\"><img decoding=\"async\" width=\"300\" height=\"289\" src=\"https:\/\/rechtsanwaltskammer-kassel.de\/wp-content\/uploads\/2024\/09\/Microsoft-Word-300.png\" alt=\"\" class=\"wp-image-956\" style=\"width:48px\"\/><\/a><\/figure>\n<\/div>\n\n\n<p class=\"has-text-align-center\">Bestellung einer VDB-Zugangskarte mit \u201eSmartCard-Funktion\u201c<\/p>\n<\/div>\n\n\n\n<div class=\"wp-block-column is-layout-flow wp-block-column-is-layout-flow\">\n<div style=\"height:20px\" aria-hidden=\"true\" class=\"wp-block-spacer\"><\/div>\n\n\n<div class=\"wp-block-image\">\n<figure class=\"aligncenter size-full is-resized\"><a href=\"http:\/\/rechtsanwaltskammer-kassel.de\/dokumente\/Formulare\/DOC\/Registrierung_DATEV_SmartCard.doc\"><img decoding=\"async\" width=\"300\" height=\"289\" src=\"https:\/\/rechtsanwaltskammer-kassel.de\/wp-content\/uploads\/2024\/09\/Microsoft-Word-300.png\" alt=\"\" class=\"wp-image-956\" style=\"width:48px\"\/><\/a><\/figure>\n<\/div>\n\n\n<p class=\"has-text-align-center\">Registrierung der DATEV SmartCard f\u00fcr Berufstr\u00e4ger zur Nutzung der Vollmachtsdatenbank<\/p>\n<\/div>\n<\/div>\n\n\n\n<p><strong>Geb\u00fchren f\u00fcr die Nutzung der Vollmachtsdatenbank<br><\/strong><br><span style=\"text-decoration: underline;\">Geb\u00fchren der Rechtsanwaltskammer Kassel<\/span><br><br>F\u00fcr die Bearbeitung des Antrages auf Registrierung in die bei den Finanzbeh\u00f6rden gef\u00fchrte Vollmachtsdatenbank wird eine Geb\u00fchr in H\u00f6he von 50,00 \u20ac erhoben.<br><br><br><span style=\"text-decoration: underline;\">Geb\u00fchren der DATEV eG<\/span><br><br>Die Nutzung der Vollmachtsdatenbank wird \u00fcber die Vollmachten abgerechnet. Pro erfasster Vollmacht und Kalenderjahr stellt die DATEV 0,60 \u20ac netto in Rechnung.<\/p>\n\n\n\n<p><\/p>\n","protected":false},"excerpt":{"rendered":"<p>Vollmachtsdatenbank Die Rechtsanwaltskammer Kassel erm\u00f6glicht ihren Mitgliedern die Nutzung der Vollmachtsdatenbank. Teilnehmende Rechtsanw\u00e4lte, Steuerberater, Wirtschaftspr\u00fcfer und vereidigte Buchpr\u00fcfer k\u00f6nnen mit der Vollmachtsdatenbank die Vollmachten ihrer Mandanten elektronisch verwalten und vereinfacht an die Finanzverwaltung \u00fcbermitteln. Damit sind sie als steuerlicher Berater in der Lage, die Daten zur Vorausgef\u00fcllten Steuererkl\u00e4rung bei der Finanzverwaltung \u00fcber ihre eingesetzte Einkommensteuersoftware&hellip;&nbsp;<a href=\"https:\/\/rechtsanwaltskammer-kassel.de\/index.php\/vollmachtsdatenbank\/\" rel=\"bookmark\">Weiterlesen &raquo;<span class=\"screen-reader-text\">Vollmachtsdatenbank<\/span><\/a><\/p>\n","protected":false},"author":1,"featured_media":0,"parent":0,"menu_order":0,"comment_status":"closed","ping_status":"closed","template":"","meta":{"neve_meta_sidebar":"","neve_meta_container":"","neve_meta_enable_content_width":"","neve_meta_content_width":0,"neve_meta_title_alignment":"","neve_meta_author_avatar":"","neve_post_elements_order":"","neve_meta_disable_header":"","neve_meta_disable_footer":"","neve_meta_disable_title":"","_themeisle_gutenberg_block_has_review":false,"footnotes":""},"class_list":["post-376","page","type-page","status-publish","hentry"],"_links":{"self":[{"href":"https:\/\/rechtsanwaltskammer-kassel.de\/index.php\/wp-json\/wp\/v2\/pages\/376","targetHints":{"allow":["GET"]}}],"collection":[{"href":"https:\/\/rechtsanwaltskammer-kassel.de\/index.php\/wp-json\/wp\/v2\/pages"}],"about":[{"href":"https:\/\/rechtsanwaltskammer-kassel.de\/index.php\/wp-json\/wp\/v2\/types\/page"}],"author":[{"embeddable":true,"href":"https:\/\/rechtsanwaltskammer-kassel.de\/index.php\/wp-json\/wp\/v2\/users\/1"}],"replies":[{"embeddable":true,"href":"https:\/\/rechtsanwaltskammer-kassel.de\/index.php\/wp-json\/wp\/v2\/comments?post=376"}],"version-history":[{"count":28,"href":"https:\/\/rechtsanwaltskammer-kassel.de\/index.php\/wp-json\/wp\/v2\/pages\/376\/revisions"}],"predecessor-version":[{"id":1349,"href":"https:\/\/rechtsanwaltskammer-kassel.de\/index.php\/wp-json\/wp\/v2\/pages\/376\/revisions\/1349"}],"wp:attachment":[{"href":"https:\/\/rechtsanwaltskammer-kassel.de\/index.php\/wp-json\/wp\/v2\/media?parent=376"}],"curies":[{"name":"wp","href":"https:\/\/api.w.org\/{rel}","templated":true}]}}